z(-7).
5, 7
Let d = -17 - -25. Suppose -d*z + 620 = -220. What are the prime factors of z?
3, 5, 7
Let c(x) = x**3 + 31*x**2 - 2*x - 68. List the prime factors of c(-25).
2, 3, 311
Let h(c) = -199*c + 75. What are the prime factors of h(-5)?
2, 5, 107
Suppose 0 = -3*r + 4*z + 466, 5*z - 484 = 3*r - 6*r. What are the prime factors of r?
2, 79
Let b(s) = 2*s**2 + 2*s - 23. Let q be b(-8). Let x = q + -7. What are the prime factors of x?
2, 41
Let t = 5489 - 2896. List the prime factors of t.
2593
Suppose 1840 = -6*x + 4936. What are the prime factors of x?
2, 3, 43
Let s(t) = t**3 + 14*t**2 + 15*t - 4. Let q be s(-13). Let r = q + 42. List the prime factors of r.
2, 3
Let y(x) = -29*x - 12. Let i be y(-5). Suppose -i = -4*t - 9. What are the prime factors of t?
31
Let m = 3901 - 2278. What are the prime factors of m?
3, 541
Suppose 6*c = 2*c + 12. Suppose 635 = -c*t + 8*t. What are the prime factors of t?
127
What are the prime factors of (1 - -1) + (-2 - (-931 - 10))?
941
Let t be -1 + 2 - (-3 - 1). Let k(d) = -5 + 12 + 3*d + 0 + 2*d**2 - 9*d. List the prime factors of k(t).
3
List the prime factors of (-12)/14 - (-88231)/77.
5, 229
Let j be (-2)/6 - 25/(-3). Suppose o - h = 2*h - j, 2*o = -h + 12. Suppose -112 = -4*m + o. What are the prime factors of m?
29
Let x(c) be the third derivative of 0*c - 5*c**2 + c**3 + 5/12*c**4 + 0. List the prime factors of x(7).
2, 19
Let j(p) = -p + 3. Let g be j(6). Let u = -1 - g. Suppose 5*s + u*s = 364. List the prime factors of s.
2, 13
Let a = 1534 - 1001. List the prime factors of a.
13, 41
Let s(f) = -89*f + 92. List the prime factors of s(-4).
2, 7
Let b(x) = -x**3 + 6*x**2 + x - 1. Let g be b(3). Let q = g + -12. Let c = -13 + q. What are the prime factors of c?
2
Let l be (10/4)/(4/8). Suppose -f = -o + 105, -l*o + o + 375 = 5*f. Suppose -4*s + 8 = -o. What are the prime factors of s?
3
Let r = 7 - 10. Let a be (r/5)/((-6)/150). Suppose -4*o - 4*k + 68 = 0, a + 14 = o - 2*k. List the prime factors of o.
3, 7
Let t be 2/(-4)*(3 - -55). Let m = -13 - t. What are the prime factors of 1*41 - (-16)/m?
2, 3, 7
Let n = 486 - -470. List the prime factors of n.
2, 239
Let f(i) = i**3 + 20*i**2 - 10*i - 12. Suppose 8*y = -5*m + 3*y - 100, 5*m + 100 = -4*y. List the prime factors of f(m).
2, 47
Let l(y) = -y + 6. Let q be l(3). Let i be q - 2 - 3 - -5. Let u = 38 - i. List the prime factors of u.
5, 7
Suppose 572*g - 411 = 569*g. List the prime factors of g.
137
Let w(b) = 20*b**2 - 15*b + 13. List the prime factors of w(5).
2, 3, 73
Let y(j) = j**2 - 3*j - 5. Let o(a) = a**2 + 6*a + 1. Let d be o(-6). Let w be (-5)/(d*(1 + -2)). What are the prime factors of y(w)?
5
Let f(k) be the third derivative of k**4/12 + 5*k**3/6 - 5*k**2. Suppose 3*z + z - 40 = 0. List the prime factors of f(z).
5
Suppose 0 = 5*q - 3*b - 2716, -4*q + 1477 + 681 = 5*b. What are the prime factors of q?
2, 271
Let w(x) = 28*x**2 - 23*x + 2. List the prime factors of w(5).
587
Suppose 0 = 4*u + 5*h - 33, 3*h - 15 + 0 = 0. Suppose 5*x - 103 = -m, -u*x + 78 = 2*x + 3*m. List the prime factors of x.
3, 7
Suppose -5*g + 168 = 2*s, 4*s = -2*g - 3*g + 176. Let v = g + -4. List the prime factors of v.
2, 7
What are the prime factors of 16992/80 + (-4)/10?
2, 53
Let n = -45 + 45. Suppose 5*o - 20 = n, -2*d + 7*d - 930 = 5*o. What are the prime factors of d?
2, 5, 19
Let w(u) = -7*u**2 - 4*u - 40. Let o(g) = g**2 + g + 1. Let p(t) = -6*o(t) - w(t). What are the prime factors of p(0)?
2, 17
Let l(h) be the third derivative of -35*h**4/8 - h**3/3 - 3*h**2. Let z be l(-2). Suppose 20*w - z = 16*w. What are the prime factors of w?
2, 13
Let w(g) = -123*g - 98. List the prime factors of w(-6).
2, 5
Let g(j) = -j**3 + j + 6. Let c be g(0). Suppose -c*n + 14 = 2. Suppose -n*f + 4*s = 19 - 121, 5*f - 222 = -s. What are the prime factors of f?
3, 5
Suppose 5921 = 7*r - 3648. List the prime factors of r.
1367
Let i be (-145)/(-4) + 3/(-12). Suppose -i*s - 31 = -37*s. What are the prime factors of s?
31
Let u be 10/15*(-2 - -5). Let x be (u - 5) + 20/4. List the prime factors of 0 + (3 - 2)*x.
2
Let l = 1306 - 1091. List the prime factors of l.
5, 43
Let z(w) = 3*w**2 - 8*w + 14. Let x be z(4). List the prime factors of 240/2*(192/x + -6).
2, 3
What are the prime factors of 4416/(-30)*(-30)/4 - 4?
2, 5, 11
Suppose -28*f - 60918 = -50*f. List the prime factors of f.
3, 13, 71
Suppose 4*p + 13*p = 26622. What are the prime factors of p?
2, 3, 29
Suppose -4*z = -0*z + s + 100, -3*z - 75 = 3*s. Let m = 52 + z. List the prime factors of m.
3
Suppose 5*z + 13*q = 12*q + 3077, 0 = -5*q + 10. What are the prime factors of z?
3, 5, 41
Let g(o) = 3*o**2 - 3*o - 2. Let k be g(7). Suppose k = -2*f - 36. Let l = f + 121. What are the prime factors of l?
41
Suppose -6527 = -5*o + 4*f, 5*f - 3381 = -5*o + 3164. List the prime factors of o.
1307
Suppose -70*g = -72*g + 590. List the prime factors of g.
5, 59
Let j(a) = -a**2 + 3*a - 5. Let m be j(4). Let y be (-264)/m + 2/3. Let d = y + 36. What are the prime factors of d?
2, 3, 11
Suppose 3*b - 5*v = 32, 0*b + 5*b - 76 = -3*v. Let z = b + -34. List the prime factors of 50/(-4)*32/z.
2, 5
Let p(b) = 229*b**3 + b**2 + 2*b - 2. Let m be p(1). Suppose 5*w - 371 = -4*f, 0 = -3*w + 2*f + 3*f + m. What are the prime factors of w?
3, 5
Suppose 0 = 5*c - 110. Suppose -4*l + 22 = -c. Let v = 14 - l. What are the prime factors of v?
3
Suppose 0 = t - f - 8, 3*f + 2*f - 48 = -3*t. Suppose -n + 2*s + 27 = t, 5*s = 5. List the prime factors of n.
2, 3
Suppose w = -5*g + 90, w - 36 = -2*g + 2*w. Suppose 3*h = g + 3. Let k(s) = s**2 - 3*s + 2. What are the prime factors of k(h)?
2, 3, 5
Suppose -5*l - 30 = -0*l. List the prime factors of l/(-2)*((-410)/(-6))/5.
41
Suppose 0 = 3*l - i - 44, 3*l = 4*l - 4*i - 11. What are the prime factors of (-3)/(1/l*-1)?
3, 5
Suppose 5*s = 24*u - 23*u + 3804, s + 3*u - 748 = 0. List the prime factors of s.
2, 5, 19
Suppose w + 5*l = 43, -5*l = -3*w + 30 + 159. Let q = w + -42. What are the prime factors of q?
2
Let v(q) = -9*q**2 - 4*q + 1. Let p(m) be the first derivative of -8*m**3/3 - 5*m**2/2 + m + 7. Let f(c) = 4*p(c) - 5*v(c). List the prime factors of f(1).
2, 3
Let s = -65 - -67. Suppose m + 95 = s*m. List the prime factors of m.
5, 19
Let d(n) = n**2 - 2. Let q be d(2). Suppose -2 = 2*m + q. Let y(w) = -28*w - 3. What are the prime factors of y(m)?
53
Let z(i) = i**3 + 14*i**2 - 3*i - 16. Let f = -78 - -65. What are the prime factors of z(f)?
2, 3
What are the prime factors of -31*228/(-60) - (-2)/10?
2, 59
List the prime factors of ((-7)/(28/1374))/(15/(-20)).
2, 229
Let l(m) = 5*m**3 + 5*m**2 + 3*m - 3. Let k(n) = 9*n**3 + 10*n**2 + 6*n - 6. Let g(c) = -4*k(c) + 7*l(c). What are the prime factors of g(-6)?
3, 19
Let k = 5 - 5. Suppose 4 = v - k. What are the prime factors of (-2)/v*(-21 + 5)?
2
Let v be (292/5 - -4)*5. Suppose 5*j - 653 = v. What are the prime factors of j?
193
Let o = 46 + -43. Let s(r) = 14*r**2 - r + 4. What are the prime factors of s(o)?
127
Let p be 112/21*126/(-4). Let m be (12/5)/(2/(-15)). What are the prime factors of (m/(-8))/((-9)/p)?
2, 3, 7
Let v(i) = 333*i - 148. List the prime factors of v(4).
2, 37
Let i = -242 + 1231. List the prime factors of i.
23, 43
Let m(x) = 3*x**3 - 8*x**2 + 8*x - 20. List the prime factors of m(5).
3, 5, 13
Suppose 0 = -60*n + 55*n + 4570. What are the prime factors of n?
2, 457
Let q = 603 - 412. List the prime factors of q.
191
Let p(a) be the second derivative of a**5/20 + 2*a**4/3 + 3*a**3/2 - 5*a**2/2 - a. Let u be p(-7). Let r = 8 - u. What are the prime factors of r?
3
Let m(j) = -7*j. Let k be m(-1). Let q(b) be the second derivative of -b**4/12 + 5*b**3/3 - 2*b**2 - b + 4. List the prime factors of q(k).
17
Suppose -3*y - 12 = -0. Let u(w) = 2*w**2 - 4*w - 14. Let f be u(y). Let s = f + 7. List the prime factors of s.
41
Let g(i) = i**3 - 7*i**2 + i - 4. Let f be g(7). Suppose 3*b + 5*n = 314, -b + 415 = f*b + 3*n. What are the prime factors of b?
103
Suppose 2*f - 144 = 5*f. Let q be f/(-18) - (-8)/6. Suppose n + 102 = q*n. List the prime factors of n.
2, 17
Suppose -5*q + 23 = -2*y, 5*y + 8 = -0*q - 4*q. Suppose q*o + 10 = 8*o, -3*n + 4*o = -103. List the prime factors of n.
37
Let h = -4 + 15. Suppose -6*y + 2*j + 19 = 